{"id":777,"date":"2018-08-29T14:56:24","date_gmt":"2018-08-29T17:56:24","guid":{"rendered":"https:\/\/cwilliams-bue.infd.edu.ar\/sitio\/oferta-educativa\/"},"modified":"2021-07-29T10:22:48","modified_gmt":"2021-07-29T13:22:48","slug":"oferta-educativa","status":"publish","type":"page","link":"https:\/\/cwilliams-bue.infd.edu.ar\/sitio\/oferta-educativa\/","title":{"rendered":"Oferta educativa"},"content":{"rendered":"<p><strong>Formaciones b\u00e1sicas (FOBA)<\/strong><\/p>\n<ul>\n<li><a href=\"https:\/\/cwilliams-bue.infd.edu.ar\/aula\/archivos\/repositorio\/\/0\/35\/PlanEstudio_Ciclo_Medio.pdf\" target=\"_blank\" rel=\"noopener\">Formaci\u00f3n B\u00e1sica para ni\u00f1os y pre-adolescentes-Ciclo Inicial. ( 9 a 13 a\u00f1os)<\/a> 3 a\u00f1os de duraci\u00f3n.<\/li>\n<li><a href=\"https:\/\/cwilliams-bue.infd.edu.ar\/aula\/archivos\/repositorio\/\/0\/35\/PlanEstudio_Ciclo_Medio.pdf\" target=\"_blank\" rel=\"noopener\">Formaci\u00f3n B\u00e1sica para ni\u00f1os y pre-adolescentes-Ciclo Medio.(9 a 14 a\u00f1os)<\/a> 3 a\u00f1os de duraci\u00f3n.<\/li>\n<li><a href=\"https:\/\/cwilliams-bue.infd.edu.ar\/aula\/archivos\/repositorio\/\/0\/42\/PlanEstudio_Foba_Adultos.pdf\" target=\"_blank\" rel=\"noopener\">Formaci\u00f3n B\u00e1sica para J\u00f3venes y Adultos a partir de los 15 a\u00f1os en adelante <\/a>3 a\u00f1os de duraci\u00f3n.<\/li>\n<\/ul>\n<p><strong>Formaci\u00f3n b\u00e1sica (FOBA)<\/strong><\/p>\n<p><strong>\u00a0 \u00a0 \u00a0 \u00a0Instrumentos:\u00a0<\/strong><\/p>\n<ul>\n<li>Viol\u00edn<\/li>\n<li>Viola<\/li>\n<li>Violoncello<\/li>\n<li>Contrabajo<\/li>\n<li>Flauta Traversa<\/li>\n<li>Trompeta<\/li>\n<li>Tromb\u00f3n<\/li>\n<li>Clarinete<\/li>\n<li>Saxo<\/li>\n<li>Piano<\/li>\n<li>Guitarra<\/li>\n<li>Percusi\u00f3n<\/li>\n<li>Bandone\u00f3n<\/li>\n<\/ul>\n<p><strong>FOBA orientado en<\/strong><\/p>\n<ul>\n<li><a href=\"https:\/\/cwilliams-bue.infd.edu.ar\/aula\/archivos\/repositorio\/\/0\/34\/PlanEstudio_FOBA_Instrumento_Popular.pdf\" target=\"_blank\" rel=\"noopener\">Formaci\u00f3n B\u00e1sica para J\u00f3venes y Adultos a partir de los 14 a\u00f1os en adelante<\/a><br \/>\n(3 a\u00f1os de duraci\u00f3n):\u00a0<strong>Instrumento M\u00fasica Popular (Bajo <\/strong><b>El\u00e9ctrico)<\/b><\/li>\n<li><a href=\"https:\/\/cwilliams-bue.infd.edu.ar\/aula\/archivos\/repositorio\/\/0\/36\/PlanEstudio_FOBA_CantoPopular.pdf\" target=\"_blank\" rel=\"noopener\">Formaci\u00f3n B\u00e1sica para J\u00f3venes y Adultos a partir de los 14 a\u00f1os en adelante<\/a><br \/>\n(3 a\u00f1os de duraci\u00f3n):\u00a0<strong>Canto M\u00fasica Popular<\/strong><\/li>\n<li><a href=\"https:\/\/cwilliams-bue.infd.edu.ar\/aula\/archivos\/repositorio\/\/0\/36\/PlanEstudio_FOBA_CantoPopular.pdf\" target=\"_blank\" rel=\"noopener\">Formaci\u00f3n B\u00e1sica para J\u00f3venes y Adultos a partir de los 14 a\u00f1os en adelante<\/a><br \/>\n(3 a\u00f1os de duraci\u00f3n):\u00a0<strong>Canto L\u00edrico<\/strong><\/li>\n<\/ul>\n<p><strong>Carreras :<\/strong><\/p>\n<ul>\n<li><a href=\"https:\/\/cwilliams-bue.infd.edu.ar\/aula\/archivos\/repositorio\/\/0\/52\/EDUCACION_MUSICAL_NUEVO_PLAN.pdf\" target=\"_blank\" rel=\"noopener\">Profesorado de m\u00fasica (Orientaci\u00f3n en Educaci\u00f3n Musical)<\/a>\n<ul>\n<li><a href=\"https:\/\/cwilliams-bue.infd.edu.ar\/aula\/archivos\/repositorio\/\/0\/53\/materias__de_educacion_musical.pdf\" target=\"_blank\" rel=\"noopener\">Plan de estudio<\/a><\/li>\n<li><a href=\"https:\/\/cwilliams-bue.infd.edu.ar\/aula\/archivos\/repositorio\/\/0\/55\/equivalencia_ProfEduMusical_entre_otros_planes.pdf\" target=\"_blank\" rel=\"noopener\">Equivalencias con otros planes<\/a><\/li>\n<li><a href=\"https:\/\/cwilliams-bue.infd.edu.ar\/aula\/archivos\/repositorio\/\/0\/54\/CorrelatividadesEDUCACION_MUSICAL_NUEVO_PLAN.pdf\" target=\"_blank\" rel=\"noopener\">Correlatividades<\/a><\/li>\n<\/ul>\n<\/li>\n<li><a href=\"https:\/\/cwilliams-bue.infd.edu.ar\/aula\/archivos\/repositorio\/\/0\/41\/PlanEstudio_Profesorado_en_Musica_Instrumentos.pdf\" target=\"_blank\" rel=\"noopener\">Profesorado\u00a0 en M\u00fasica (Orientaci\u00f3n Instrumento)<\/a>\u00a0(duraci\u00f3n 4 a\u00f1os).<\/li>\n<li><a href=\"https:\/\/cwilliams-bue.infd.edu.ar\/aula\/archivos\/repositorio\/\/0\/38\/PlanEstudio_Profesorado_en_Musica_Canto.pdf\" target=\"_blank\" rel=\"noopener\">Profesorado en M\u00fasica (Orientaci\u00f3n Canto)<\/a>\u00a0(duraci\u00f3n 4 a\u00f1os).<\/li>\n<\/ul>\n<p><strong>Tecnicaturas:<\/strong><\/p>\n<ul>\n<li><a href=\"https:\/\/cwilliams-bue.infd.edu.ar\/aula\/archivos\/repositorio\/\/0\/45\/PlanEstudio_Tecnicatura_Instrumental.pdf\" target=\"_blank\" rel=\"noopener\">Tecnicatura en Capacitaci\u00f3n Instrumental<\/a>\u00a0(duraci\u00f3n 2 a\u00f1os)<\/li>\n<li>Tecnicatura en Capacitaci\u00f3n Vocal (duraci\u00f3n 2 a\u00f1os)<\/li>\n<\/ul>\n<p><strong>Talleres:<\/strong><\/p>\n<ul>\n<li>\u00a0Acorde\u00f3n<\/li>\n<li>Canto ni\u00f1os-desde 9 a\u00f1os<\/li>\n<li>Coro ni\u00f1os<\/li>\n<li>Coro adultos<\/li>\n<li>Banda<\/li>\n<li>Orquesta (ni\u00f1os y adultos)<\/li>\n<\/ul>\n","protected":false},"excerpt":{"rendered":"<p>Formaciones b\u00e1sicas (FOBA) Formaci\u00f3n B\u00e1sica para ni\u00f1os y pre-adolescentes-Ciclo Inicial. ( 9 a 13 a\u00f1os) 3 a\u00f1os de duraci\u00f3n. Formaci\u00f3n B\u00e1sica para ni\u00f1os y pre-adolescentes-Ciclo Medio.(9 a 14 a\u00f1os) 3 a\u00f1os de duraci\u00f3n. Formaci\u00f3n B\u00e1sica para J\u00f3venes y Adultos a partir de los 15 a\u00f1os en adelante 3 a\u00f1os de duraci\u00f3n. Formaci\u00f3n b\u00e1sica (FOBA) \u00a0 &#8230; <a title=\"Oferta educativa\" class=\"read-more\" href=\"https:\/\/cwilliams-bue.infd.edu.ar\/sitio\/oferta-educativa\/\" aria-label=\"More on Oferta educativa\">[+]<\/a><\/p>\n","protected":false},"author":43,"featured_media":0,"parent":0,"menu_order":0,"comment_status":"closed","ping_status":"closed","template":"","meta":[],"acf":[],"_links":{"self":[{"href":"https:\/\/cwilliams-bue.infd.edu.ar\/sitio\/wp-json\/wp\/v2\/pages\/777"}],"collection":[{"href":"https:\/\/cwilliams-bue.infd.edu.ar\/sitio\/wp-json\/wp\/v2\/pages"}],"about":[{"href":"https:\/\/cwilliams-bue.infd.edu.ar\/sitio\/wp-json\/wp\/v2\/types\/page"}],"author":[{"embeddable":true,"href":"https:\/\/cwilliams-bue.infd.edu.ar\/sitio\/wp-json\/wp\/v2\/users\/43"}],"replies":[{"embeddable":true,"href":"https:\/\/cwilliams-bue.infd.edu.ar\/sitio\/wp-json\/wp\/v2\/comments?post=777"}],"version-history":[{"count":4,"href":"https:\/\/cwilliams-bue.infd.edu.ar\/sitio\/wp-json\/wp\/v2\/pages\/777\/revisions"}],"predecessor-version":[{"id":895,"href":"https:\/\/cwilliams-bue.infd.edu.ar\/sitio\/wp-json\/wp\/v2\/pages\/777\/revisions\/895"}],"wp:attachment":[{"href":"https:\/\/cwilliams-bue.infd.edu.ar\/sitio\/wp-json\/wp\/v2\/media?parent=777"}],"curies":[{"name":"wp","href":"https:\/\/api.w.org\/{rel}","templated":true}]}}

<p><strong>Formaciones básicas (FOBA)</strong></p>
<ul>
<li><a href="https://cwilliams-bue.infd.edu.ar/aula/archivos/repositorio//0/35/PlanEstudio_Ciclo_Medio.pdf" target="_blank" rel="noopener">Formación Básica para niños y pre-adolescentes-Ciclo Inicial. ( 9 a 13 años)</a> 3 años de duración.</li>
<li><a href="https://cwilliams-bue.infd.edu.ar/aula/archivos/repositorio//0/35/PlanEstudio_Ciclo_Medio.pdf" target="_blank" rel="noopener">Formación Básica para niños y pre-adolescentes-Ciclo Medio.(9 a 14 años)</a> 3 años de duración.</li>
<li><a href="https://cwilliams-bue.infd.edu.ar/aula/archivos/repositorio//0/42/PlanEstudio_Foba_Adultos.pdf" target="_blank" rel="noopener">Formación Básica para Jóvenes y Adultos a partir de los 15 años en adelante </a>3 años de duración.</li>
</ul>
<p><strong>Formación básica (FOBA)</strong></p>
<p><strong>       Instrumentos: </strong></p>
<ul>
<li>Violín</li>
<li>Viola</li>
<li>Violoncello</li>
<li>Contrabajo</li>
<li>Flauta Traversa</li>
<li>Trompeta</li>
<li>Trombón</li>
<li>Clarinete</li>
<li>Saxo</li>
<li>Piano</li>
<li>Guitarra</li>
<li>Percusión</li>
<li>Bandoneón</li>
</ul>
<p><strong>FOBA orientado en</strong></p>
<ul>
<li><a href="https://cwilliams-bue.infd.edu.ar/aula/archivos/repositorio//0/34/PlanEstudio_FOBA_Instrumento_Popular.pdf" target="_blank" rel="noopener">Formación Básica para Jóvenes y Adultos a partir de los 14 años en adelante</a><br />
(3 años de duración): <strong>Instrumento Música Popular (Bajo </strong><b>Eléctrico)</b></li>
<li><a href="https://cwilliams-bue.infd.edu.ar/aula/archivos/repositorio//0/36/PlanEstudio_FOBA_CantoPopular.pdf" target="_blank" rel="noopener">Formación Básica para Jóvenes y Adultos a partir de los 14 años en adelante</a><br />
(3 años de duración): <strong>Canto Música Popular</strong></li>
<li><a href="https://cwilliams-bue.infd.edu.ar/aula/archivos/repositorio//0/36/PlanEstudio_FOBA_CantoPopular.pdf" target="_blank" rel="noopener">Formación Básica para Jóvenes y Adultos a partir de los 14 años en adelante</a><br />
(3 años de duración): <strong>Canto Lírico</strong></li>
</ul>
<p><strong>Carreras :</strong></p>
<ul>
<li><a href="https://cwilliams-bue.infd.edu.ar/aula/archivos/repositorio//0/52/EDUCACION_MUSICAL_NUEVO_PLAN.pdf" target="_blank" rel="noopener">Profesorado de música (Orientación en Educación Musical)</a>
<ul>
<li><a href="https://cwilliams-bue.infd.edu.ar/aula/archivos/repositorio//0/53/materias__de_educacion_musical.pdf" target="_blank" rel="noopener">Plan de estudio</a></li>
<li><a href="https://cwilliams-bue.infd.edu.ar/aula/archivos/repositorio//0/55/equivalencia_ProfEduMusical_entre_otros_planes.pdf" target="_blank" rel="noopener">Equivalencias con otros planes</a></li>
<li><a href="https://cwilliams-bue.infd.edu.ar/aula/archivos/repositorio//0/54/CorrelatividadesEDUCACION_MUSICAL_NUEVO_PLAN.pdf" target="_blank" rel="noopener">Correlatividades</a></li>
</ul>
</li>
<li><a href="https://cwilliams-bue.infd.edu.ar/aula/archivos/repositorio//0/41/PlanEstudio_Profesorado_en_Musica_Instrumentos.pdf" target="_blank" rel="noopener">Profesorado  en Música (Orientación Instrumento)</a> (duración 4 años).</li>
<li><a href="https://cwilliams-bue.infd.edu.ar/aula/archivos/repositorio//0/38/PlanEstudio_Profesorado_en_Musica_Canto.pdf" target="_blank" rel="noopener">Profesorado en Música (Orientación Canto)</a> (duración 4 años).</li>
</ul>
<p><strong>Tecnicaturas:</strong></p>
<ul>
<li><a href="https://cwilliams-bue.infd.edu.ar/aula/archivos/repositorio//0/45/PlanEstudio_Tecnicatura_Instrumental.pdf" target="_blank" rel="noopener">Tecnicatura en Capacitación Instrumental</a> (duración 2 años)</li>
<li>Tecnicatura en Capacitación Vocal (duración 2 años)</li>
</ul>
<p><strong>Talleres:</strong></p>
<ul>
<li> Acordeón</li>
<li>Canto niños-desde 9 años</li>
<li>Coro niños</li>
<li>Coro adultos</li>
<li>Banda</li>
<li>Orquesta (niños y adultos)</li>
</ul>

<p>Formaciones básicas (FOBA) Formación Básica para niños y pre-adolescentes-Ciclo Inicial. ( 9 a 13 años) 3 años de duración. Formación Básica para niños y pre-adolescentes-Ciclo Medio.(9 a 14 años) 3 años de duración. Formación Básica para Jóvenes y Adultos a partir de los 15 años en adelante 3 años de duración. Formación básica (FOBA)   &#8230; <a title="Oferta educativa" class="read-more" href="https://cwilliams-bue.infd.edu.ar/sitio/oferta-educativa/" aria-label="More on Oferta educativa">[+]</a></p>
