{"id":751,"date":"2018-08-29T14:56:17","date_gmt":"2018-08-29T17:56:17","guid":{"rendered":"https:\/\/cwilliams-bue.infd.edu.ar\/sitio\/inscripcion\/"},"modified":"2020-02-28T09:30:41","modified_gmt":"2020-02-28T12:30:41","slug":"inscripcion","status":"publish","type":"page","link":"https:\/\/cwilliams-bue.infd.edu.ar\/sitio\/inscripcion\/","title":{"rendered":"Inscripci\u00f3n"},"content":{"rendered":"<p><strong>Inscripci\u00f3n abierta ciclo lectivo 2020 para ingresantes<\/strong><\/p>\n<p><strong><br \/>\nRequisitos para inscripci\u00f3n:<\/strong><\/p>\n<ul>\n<li>Foto carnet: 3<\/li>\n<li>Certificado de alumno regular (escolar) o t\u00edtulo secundario.<\/li>\n<li>Certificado de salud.<\/li>\n<li>Certificado del otorrinolaring\u00f3logo (para las carreras de Prof. de Canto, Prof. Educ. Musical y Prof. de Instrumento. Pulse <a title=\"Certifcado Otorrino\" href=\"upload\/solicitud_de_certificado_fonoaudiologico.odt\" target=\"_blank\" rel=\"noopener\">aqu\u00ed<\/a> para descargar.<\/li>\n<li>Fotocopia de DNI<\/li>\n<li>1 folio nro 3<\/li>\n<\/ul>\n","protected":false},"excerpt":{"rendered":"<p>Inscripci\u00f3n abierta ciclo lectivo 2020 para ingresantes Requisitos para inscripci\u00f3n: Foto carnet: 3 Certificado de alumno regular (escolar) o t\u00edtulo secundario. Certificado de salud. Certificado del otorrinolaring\u00f3logo (para las carreras de Prof. de Canto, Prof. Educ. Musical y Prof. de Instrumento. Pulse aqu\u00ed para descargar. Fotocopia de DNI 1 folio nro 3<\/p>\n","protected":false},"author":43,"featured_media":0,"parent":0,"menu_order":0,"comment_status":"closed","ping_status":"closed","template":"","meta":[],"acf":[],"_links":{"self":[{"href":"https:\/\/cwilliams-bue.infd.edu.ar\/sitio\/wp-json\/wp\/v2\/pages\/751"}],"collection":[{"href":"https:\/\/cwilliams-bue.infd.edu.ar\/sitio\/wp-json\/wp\/v2\/pages"}],"about":[{"href":"https:\/\/cwilliams-bue.infd.edu.ar\/sitio\/wp-json\/wp\/v2\/types\/page"}],"author":[{"embeddable":true,"href":"https:\/\/cwilliams-bue.infd.edu.ar\/sitio\/wp-json\/wp\/v2\/users\/43"}],"replies":[{"embeddable":true,"href":"https:\/\/cwilliams-bue.infd.edu.ar\/sitio\/wp-json\/wp\/v2\/comments?post=751"}],"version-history":[{"count":2,"href":"https:\/\/cwilliams-bue.infd.edu.ar\/sitio\/wp-json\/wp\/v2\/pages\/751\/revisions"}],"predecessor-version":[{"id":872,"href":"https:\/\/cwilliams-bue.infd.edu.ar\/sitio\/wp-json\/wp\/v2\/pages\/751\/revisions\/872"}],"wp:attachment":[{"href":"https:\/\/cwilliams-bue.infd.edu.ar\/sitio\/wp-json\/wp\/v2\/media?parent=751"}],"curies":[{"name":"wp","href":"https:\/\/api.w.org\/{rel}","templated":true}]}}