{"id":286,"date":"2024-02-09T14:59:33","date_gmt":"2024-02-09T17:59:33","guid":{"rendered":"https:\/\/cwilliams-bue.infd.edu.ar\/sitio\/?page_id=286"},"modified":"2026-03-06T13:33:30","modified_gmt":"2026-03-06T16:33:30","slug":"inicio","status":"publish","type":"page","link":"https:\/\/cwilliams-bue.infd.edu.ar\/sitio\/","title":{"rendered":"Inicio"},"content":{"rendered":"<p><img decoding=\"async\" loading=\"lazy\" class=\"aligncenter wp-image-1249\" src=\"https:\/\/cwilliams-bue.infd.edu.ar\/sitio\/wp-content\/uploads\/2024\/03\/banner-1.png\" alt=\"\" width=\"2900\" height=\"1255\" srcset=\"https:\/\/cwilliams-bue.infd.edu.ar\/sitio\/wp-content\/uploads\/2024\/03\/banner-1.png 1916w, https:\/\/cwilliams-bue.infd.edu.ar\/sitio\/wp-content\/uploads\/2024\/03\/banner-1-1000x433.png 1000w, https:\/\/cwilliams-bue.infd.edu.ar\/sitio\/wp-content\/uploads\/2024\/03\/banner-1-1900x822.png 1900w, https:\/\/cwilliams-bue.infd.edu.ar\/sitio\/wp-content\/uploads\/2024\/03\/banner-1-768x332.png 768w, https:\/\/cwilliams-bue.infd.edu.ar\/sitio\/wp-content\/uploads\/2024\/03\/banner-1-1536x665.png 1536w\" sizes=\"(max-width: 2900px) 100vw, 2900px\" \/><\/p>\n<p><img decoding=\"async\" loading=\"lazy\" class=\"aligncenter wp-image-1290\" src=\"https:\/\/cwilliams-bue.infd.edu.ar\/sitio\/wp-content\/uploads\/2024\/03\/banner.-fotos-1-1000x439.png\" alt=\"\" width=\"1500\" height=\"659\" srcset=\"https:\/\/cwilliams-bue.infd.edu.ar\/sitio\/wp-content\/uploads\/2024\/03\/banner.-fotos-1-1000x439.png 1000w, https:\/\/cwilliams-bue.infd.edu.ar\/sitio\/wp-content\/uploads\/2024\/03\/banner.-fotos-1-1900x834.png 1900w, https:\/\/cwilliams-bue.infd.edu.ar\/sitio\/wp-content\/uploads\/2024\/03\/banner.-fotos-1-768x337.png 768w, https:\/\/cwilliams-bue.infd.edu.ar\/sitio\/wp-content\/uploads\/2024\/03\/banner.-fotos-1-1536x674.png 1536w, https:\/\/cwilliams-bue.infd.edu.ar\/sitio\/wp-content\/uploads\/2024\/03\/banner.-fotos-1.png 2000w\" sizes=\"(max-width: 1500px) 100vw, 1500px\" \/><\/p>\n<p><a href=\"https:\/\/drive.google.com\/file\/d\/104g73YcZ84UmRs8443jeYf37rqknM1qX\/view?usp=drive_link\"><img decoding=\"async\" loading=\"lazy\" class=\"wp-image-1450 aligncenter\" src=\"https:\/\/cwilliams-bue.infd.edu.ar\/sitio\/wp-content\/uploads\/2025\/12\/Sin-titulo-3-1000x188.png\" alt=\"\" width=\"798\" height=\"150\" srcset=\"https:\/\/cwilliams-bue.infd.edu.ar\/sitio\/wp-content\/uploads\/2025\/12\/Sin-titulo-3-1000x188.png 1000w, https:\/\/cwilliams-bue.infd.edu.ar\/sitio\/wp-content\/uploads\/2025\/12\/Sin-titulo-3-1900x356.png 1900w, https:\/\/cwilliams-bue.infd.edu.ar\/sitio\/wp-content\/uploads\/2025\/12\/Sin-titulo-3-768x144.png 768w, https:\/\/cwilliams-bue.infd.edu.ar\/sitio\/wp-content\/uploads\/2025\/12\/Sin-titulo-3-1536x288.png 1536w, https:\/\/cwilliams-bue.infd.edu.ar\/sitio\/wp-content\/uploads\/2025\/12\/Sin-titulo-3-2048x384.png 2048w\" sizes=\"(max-width: 798px) 100vw, 798px\" \/><\/a><\/p>\n<p>\u00a0 \u00a0 \u00a0 \u00a0 \u00a0 \u00a0 \u00a0 \u00a0 \u00a0 \u00a0 \u00a0 \u00a0 \u00a0 \u00a0 \u00a0 \u00a0 \u00a0 \u00a0 \u00a0 \u00a0 \u00a0 \u00a0 \u00a0 \u00a0 \u00a0 \u00a0 \u00a0 <img decoding=\"async\" loading=\"lazy\" class=\" wp-image-1453 aligncenter\" src=\"https:\/\/cwilliams-bue.infd.edu.ar\/sitio\/wp-content\/uploads\/2026\/03\/Sin-titulo-1.png\" alt=\"\" width=\"793\" height=\"1190\" \/><\/p>\n<p><iframe loading=\"lazy\" title=\"Oferta acad\u00e9mica conservatorio Alberto Williams\" width=\"1200\" height=\"675\" src=\"https:\/\/www.youtube.com\/embed\/M0_DoQ8hDt8?feature=oembed\" frameborder=\"0\" allow=\"accelerometer; autoplay; clipboard-write; encrypted-media; gyroscope; picture-in-picture; web-share\" referrerpolicy=\"strict-origin-when-cross-origin\" allowfullscreen><\/iframe><\/p>\n<p>&nbsp;<\/p>\n<p><a href=\"https:\/\/cwilliams-bue.infd.edu.ar\/sitio\/wp-content\/uploads\/2025\/12\/OFERTA.pdf\">OFERTA<\/a><\/p>\n<p>\u00a0 \u00a0 \u00a0 \u00a0 \u00a0 \u00a0 \u00a0 \u00a0 \u00a0 \u00a0 \u00a0 \u00a0 \u00a0 \u00a0 \u00a0 \u00a0 \u00a0 \u00a0 \u00a0 \u00a0 \u00a0 \u00a0 \u00a0 \u00a0 \u00a0 \u00a0 \u00a0 \u00a0 \u00a0 \u00a0 \u00a0 \u00a0 \u00a0 \u00a0 \u00a0 <a href=\"https:\/\/drive.google.com\/file\/d\/1vdM8bfbad93bain5LhOAAhmav66q2zqx\/view\"><img decoding=\"async\" loading=\"lazy\" class=\"alignnone wp-image-1355\" src=\"https:\/\/cwilliams-bue.infd.edu.ar\/sitio\/wp-content\/uploads\/2024\/03\/1.png\" alt=\"\" width=\"450\" height=\"265\" \/><\/a><a href=\"https:\/\/drive.google.com\/file\/d\/1RrmA7ms-lFsM21f5N2COnCj0eF2h3NXo\/view\"><img decoding=\"async\" loading=\"lazy\" class=\"alignnone wp-image-1356\" src=\"https:\/\/cwilliams-bue.infd.edu.ar\/sitio\/wp-content\/uploads\/2024\/03\/2-1.png\" alt=\"\" width=\"450\" height=\"265\" \/><\/a><\/p>\n<p>&nbsp;<\/p>\n<p>\u00a0 \u00a0 \u00a0 \u00a0 \u00a0 \u00a0 \u00a0 \u00a0 \u00a0 \u00a0 \u00a0 \u00a0 \u00a0 \u00a0 \u00a0 \u00a0 \u00a0 \u00a0 \u00a0 \u00a0 \u00a0 \u00a0 \u00a0 \u00a0 \u00a0 \u00a0 \u00a0 \u00a0 \u00a0 \u00a0 <a href=\"https:\/\/drive.google.com\/file\/d\/1Kp-dYVq6vvunzhlvfDOg4nTWWoAfyhYs\/view?usp=drive_link\"><img decoding=\"async\" loading=\"lazy\" class=\"alignnone wp-image-1359\" src=\"https:\/\/cwilliams-bue.infd.edu.ar\/sitio\/wp-content\/uploads\/2024\/03\/TEXTO.-04-1000x471.png\" alt=\"\" width=\"235\" height=\"111\" srcset=\"https:\/\/cwilliams-bue.infd.edu.ar\/sitio\/wp-content\/uploads\/2024\/03\/TEXTO.-04-1000x471.png 1000w, https:\/\/cwilliams-bue.infd.edu.ar\/sitio\/wp-content\/uploads\/2024\/03\/TEXTO.-04-768x361.png 768w, https:\/\/cwilliams-bue.infd.edu.ar\/sitio\/wp-content\/uploads\/2024\/03\/TEXTO.-04-1536x723.png 1536w, https:\/\/cwilliams-bue.infd.edu.ar\/sitio\/wp-content\/uploads\/2024\/03\/TEXTO.-04.png 1700w\" sizes=\"(max-width: 235px) 100vw, 235px\" \/><\/a> <a href=\"https:\/\/drive.google.com\/file\/d\/18v3UWsbnSMP4CT0Lej4Uk4nb0ZUfjZZh\/view\"><img decoding=\"async\" loading=\"lazy\" class=\"alignnone wp-image-1360\" src=\"https:\/\/cwilliams-bue.infd.edu.ar\/sitio\/wp-content\/uploads\/2024\/03\/TEXTO.-05-1000x471.png\" alt=\"\" width=\"234\" height=\"110\" srcset=\"https:\/\/cwilliams-bue.infd.edu.ar\/sitio\/wp-content\/uploads\/2024\/03\/TEXTO.-05-1000x471.png 1000w, https:\/\/cwilliams-bue.infd.edu.ar\/sitio\/wp-content\/uploads\/2024\/03\/TEXTO.-05-768x361.png 768w, https:\/\/cwilliams-bue.infd.edu.ar\/sitio\/wp-content\/uploads\/2024\/03\/TEXTO.-05-1536x723.png 1536w, https:\/\/cwilliams-bue.infd.edu.ar\/sitio\/wp-content\/uploads\/2024\/03\/TEXTO.-05.png 1700w\" sizes=\"(max-width: 234px) 100vw, 234px\" \/><\/a><a href=\"https:\/\/drive.google.com\/file\/d\/168nFlSJIszlL4O3QIkKSC1WZ_x9CBa1P\/view\"><img decoding=\"async\" loading=\"lazy\" class=\"alignnone wp-image-1362\" src=\"https:\/\/cwilliams-bue.infd.edu.ar\/sitio\/wp-content\/uploads\/2024\/03\/TEXTO.-06-1-1000x471.png\" alt=\"\" width=\"234\" height=\"110\" srcset=\"https:\/\/cwilliams-bue.infd.edu.ar\/sitio\/wp-content\/uploads\/2024\/03\/TEXTO.-06-1-1000x471.png 1000w, https:\/\/cwilliams-bue.infd.edu.ar\/sitio\/wp-content\/uploads\/2024\/03\/TEXTO.-06-1-768x361.png 768w, https:\/\/cwilliams-bue.infd.edu.ar\/sitio\/wp-content\/uploads\/2024\/03\/TEXTO.-06-1-1536x723.png 1536w, https:\/\/cwilliams-bue.infd.edu.ar\/sitio\/wp-content\/uploads\/2024\/03\/TEXTO.-06-1.png 1700w\" sizes=\"(max-width: 234px) 100vw, 234px\" \/><\/a><a href=\"https:\/\/drive.google.com\/file\/d\/1fnSY4JzuuXiYHxP3flZB3QaS97JykHhp\/view\"><img decoding=\"async\" loading=\"lazy\" class=\"alignnone wp-image-1363\" src=\"https:\/\/cwilliams-bue.infd.edu.ar\/sitio\/wp-content\/uploads\/2024\/03\/TEXTO.-07-1000x471.png\" alt=\"\" width=\"233\" height=\"110\" srcset=\"https:\/\/cwilliams-bue.infd.edu.ar\/sitio\/wp-content\/uploads\/2024\/03\/TEXTO.-07-1000x471.png 1000w, https:\/\/cwilliams-bue.infd.edu.ar\/sitio\/wp-content\/uploads\/2024\/03\/TEXTO.-07-768x361.png 768w, https:\/\/cwilliams-bue.infd.edu.ar\/sitio\/wp-content\/uploads\/2024\/03\/TEXTO.-07-1536x723.png 1536w, https:\/\/cwilliams-bue.infd.edu.ar\/sitio\/wp-content\/uploads\/2024\/03\/TEXTO.-07.png 1700w\" sizes=\"(max-width: 233px) 100vw, 233px\" \/><\/a><\/p>\n<p>\u00a0 \u00a0 \u00a0 \u00a0 \u00a0 \u00a0 \u00a0 \u00a0 \u00a0 \u00a0 \u00a0 \u00a0 \u00a0 \u00a0 \u00a0 \u00a0 \u00a0 \u00a0 \u00a0 \u00a0 \u00a0 \u00a0 \u00a0 \u00a0 \u00a0 \u00a0 \u00a0 \u00a0 \u00a0 \u00a0 \u00a0 \u00a0 \u00a0 \u00a0 \u00a0 <a href=\"https:\/\/drive.google.com\/file\/d\/1xaFiH2qjWqWkcyQtS8k3ytm9FZB1wGLV\/view?usp=drive_link\"><img decoding=\"async\" loading=\"lazy\" class=\"alignnone wp-image-1299\" src=\"https:\/\/cwilliams-bue.infd.edu.ar\/sitio\/wp-content\/uploads\/2024\/03\/Sin-titulo-1-16-1000x393.png\" alt=\"\" width=\"200\" height=\"79\" srcset=\"https:\/\/cwilliams-bue.infd.edu.ar\/sitio\/wp-content\/uploads\/2024\/03\/Sin-titulo-1-16-1000x393.png 1000w, https:\/\/cwilliams-bue.infd.edu.ar\/sitio\/wp-content\/uploads\/2024\/03\/Sin-titulo-1-16-768x302.png 768w, https:\/\/cwilliams-bue.infd.edu.ar\/sitio\/wp-content\/uploads\/2024\/03\/Sin-titulo-1-16.png 1366w\" sizes=\"(max-width: 200px) 100vw, 200px\" \/><\/a> <a href=\"https:\/\/drive.google.com\/file\/d\/1GmkP0rsCeT-_-Pg8sDF_v6jYybziKMYg\/view?usp=drive_link\">\u00a0 \u00a0 <img decoding=\"async\" loading=\"lazy\" class=\"alignnone wp-image-1300\" src=\"https:\/\/cwilliams-bue.infd.edu.ar\/sitio\/wp-content\/uploads\/2024\/03\/Sin-titulo-1-17-1000x393.png\" alt=\"\" width=\"200\" height=\"79\" srcset=\"https:\/\/cwilliams-bue.infd.edu.ar\/sitio\/wp-content\/uploads\/2024\/03\/Sin-titulo-1-17-1000x393.png 1000w, https:\/\/cwilliams-bue.infd.edu.ar\/sitio\/wp-content\/uploads\/2024\/03\/Sin-titulo-1-17-768x302.png 768w, https:\/\/cwilliams-bue.infd.edu.ar\/sitio\/wp-content\/uploads\/2024\/03\/Sin-titulo-1-17.png 1366w\" sizes=\"(max-width: 200px) 100vw, 200px\" \/> \u00a0\u00a0<\/a> \u00a0<a href=\"https:\/\/drive.google.com\/file\/d\/1xOJaSO-RNwNTjcGAvPIYi-GD2x3sxjqn\/view?usp=drive_link\"><img decoding=\"async\" loading=\"lazy\" class=\"alignnone wp-image-1301\" src=\"https:\/\/cwilliams-bue.infd.edu.ar\/sitio\/wp-content\/uploads\/2024\/03\/Sin-titulo-1-18-1000x393.png\" alt=\"\" width=\"200\" height=\"79\" srcset=\"https:\/\/cwilliams-bue.infd.edu.ar\/sitio\/wp-content\/uploads\/2024\/03\/Sin-titulo-1-18-1000x393.png 1000w, https:\/\/cwilliams-bue.infd.edu.ar\/sitio\/wp-content\/uploads\/2024\/03\/Sin-titulo-1-18-768x302.png 768w, https:\/\/cwilliams-bue.infd.edu.ar\/sitio\/wp-content\/uploads\/2024\/03\/Sin-titulo-1-18.png 1366w\" sizes=\"(max-width: 200px) 100vw, 200px\" \/> \u00a0 \u00a0 <\/a><a href=\"https:\/\/drive.google.com\/file\/d\/1CyCkppHRIXDyZ7FZZkhuX5kysay3uBIu\/view?usp=drive_link\"><img decoding=\"async\" loading=\"lazy\" class=\"alignnone wp-image-1302\" src=\"https:\/\/cwilliams-bue.infd.edu.ar\/sitio\/wp-content\/uploads\/2024\/03\/Sin-titulo-1-19-1000x393.png\" alt=\"\" width=\"200\" height=\"79\" srcset=\"https:\/\/cwilliams-bue.infd.edu.ar\/sitio\/wp-content\/uploads\/2024\/03\/Sin-titulo-1-19-1000x393.png 1000w, https:\/\/cwilliams-bue.infd.edu.ar\/sitio\/wp-content\/uploads\/2024\/03\/Sin-titulo-1-19-768x302.png 768w, https:\/\/cwilliams-bue.infd.edu.ar\/sitio\/wp-content\/uploads\/2024\/03\/Sin-titulo-1-19.png 1366w\" sizes=\"(max-width: 200px) 100vw, 200px\" \/><\/a><\/p>\n<p><a href=\"https:\/\/drive.google.com\/file\/d\/184t6m0S8yD4rJhpJKpvV9u9BNnz1YUWg\/view?usp=drive_link\">\u00a0 \u00a0 \u00a0 \u00a0 \u00a0 \u00a0 \u00a0 \u00a0 \u00a0 \u00a0 \u00a0 \u00a0 \u00a0 \u00a0 \u00a0 \u00a0 \u00a0 \u00a0 \u00a0 \u00a0 \u00a0 \u00a0 \u00a0 \u00a0 \u00a0 \u00a0 \u00a0<img decoding=\"async\" loading=\"lazy\" class=\"alignnone wp-image-1329\" src=\"https:\/\/cwilliams-bue.infd.edu.ar\/sitio\/wp-content\/uploads\/2024\/03\/prof.-26-1000x384.png\" alt=\"\" width=\"190\" height=\"73\" srcset=\"https:\/\/cwilliams-bue.infd.edu.ar\/sitio\/wp-content\/uploads\/2024\/03\/prof.-26-1000x384.png 1000w, https:\/\/cwilliams-bue.infd.edu.ar\/sitio\/wp-content\/uploads\/2024\/03\/prof.-26-768x295.png 768w, https:\/\/cwilliams-bue.infd.edu.ar\/sitio\/wp-content\/uploads\/2024\/03\/prof.-26.png 1070w\" sizes=\"(max-width: 190px) 100vw, 190px\" \/><\/a><a href=\"https:\/\/drive.google.com\/file\/d\/1qusxaaTEWZJadFedFT55yl9npL5l9dgC\/view?usp=drive_link\"> <img decoding=\"async\" loading=\"lazy\" class=\"alignnone wp-image-1330\" src=\"https:\/\/cwilliams-bue.infd.edu.ar\/sitio\/wp-content\/uploads\/2024\/03\/instrumento.png\" alt=\"\" width=\"190\" height=\"72\" \/><\/a><a href=\"https:\/\/drive.google.com\/file\/d\/1IsC5gZZpLahnjYp7nQ41l-PUBQSDpNrQ\/view?usp=drive_link\"> <img decoding=\"async\" loading=\"lazy\" class=\"alignnone wp-image-1328\" src=\"https:\/\/cwilliams-bue.infd.edu.ar\/sitio\/wp-content\/uploads\/2024\/03\/prof.-27-1000x384.png\" alt=\"\" width=\"190\" height=\"73\" srcset=\"https:\/\/cwilliams-bue.infd.edu.ar\/sitio\/wp-content\/uploads\/2024\/03\/prof.-27-1000x384.png 1000w, https:\/\/cwilliams-bue.infd.edu.ar\/sitio\/wp-content\/uploads\/2024\/03\/prof.-27-768x295.png 768w, https:\/\/cwilliams-bue.infd.edu.ar\/sitio\/wp-content\/uploads\/2024\/03\/prof.-27.png 1070w\" sizes=\"(max-width: 190px) 100vw, 190px\" \/> <\/a><a href=\"https:\/\/drive.google.com\/file\/d\/18y6GQEhPsnhr77CdfQcLDmglsYCn4kgB\/view?usp=drive_link\"><img decoding=\"async\" loading=\"lazy\" class=\"alignnone wp-image-1327\" src=\"https:\/\/cwilliams-bue.infd.edu.ar\/sitio\/wp-content\/uploads\/2024\/03\/prof.-28-1000x384.png\" alt=\"\" width=\"190\" height=\"73\" srcset=\"https:\/\/cwilliams-bue.infd.edu.ar\/sitio\/wp-content\/uploads\/2024\/03\/prof.-28-1000x384.png 1000w, https:\/\/cwilliams-bue.infd.edu.ar\/sitio\/wp-content\/uploads\/2024\/03\/prof.-28-768x295.png 768w, https:\/\/cwilliams-bue.infd.edu.ar\/sitio\/wp-content\/uploads\/2024\/03\/prof.-28.png 1070w\" sizes=\"(max-width: 190px) 100vw, 190px\" \/><\/a> <a href=\"https:\/\/drive.google.com\/file\/d\/1D0qFPxRK7Rbds0TEr3g-jUvofq0TdM23\/view?usp=drive_link\"><img decoding=\"async\" loading=\"lazy\" class=\"alignnone wp-image-1326\" src=\"https:\/\/cwilliams-bue.infd.edu.ar\/sitio\/wp-content\/uploads\/2024\/03\/prof.-29-1000x384.png\" alt=\"\" width=\"190\" height=\"73\" srcset=\"https:\/\/cwilliams-bue.infd.edu.ar\/sitio\/wp-content\/uploads\/2024\/03\/prof.-29-1000x384.png 1000w, https:\/\/cwilliams-bue.infd.edu.ar\/sitio\/wp-content\/uploads\/2024\/03\/prof.-29-768x295.png 768w, https:\/\/cwilliams-bue.infd.edu.ar\/sitio\/wp-content\/uploads\/2024\/03\/prof.-29.png 1070w\" sizes=\"(max-width: 190px) 100vw, 190px\" \/><\/a>\u00a0<\/p>\n<p>&nbsp;<\/p>\n<h5>\u00a0 \u00a0 \u00a0 \u00a0 \u00a0 \u00a0 \u00a0 \u00a0 \u00a0 \u00a0 \u00a0 \u00a0 \u00a0 \u00a0 \u00a0 \u00a0 \u00a0 \u00a0 \u00a0 \u00a0 \u00a0 \u00a0 \u00a0 \u00a0 \u00a0 \u00a0 \u00a0 \u00a0 \u00a0 \u00a0 \u00a0 \u00a0 \u00a0 \u00a0 \u00a0 \u00a0 \u00a0 \u00a0<a href=\"https:\/\/drive.google.com\/file\/d\/1BCLLNzRPlYj4oesjzDFQEEJJX93i-Ey6\/view?usp=sharing\"><img decoding=\"async\" loading=\"lazy\" class=\"alignnone  wp-image-1433\" src=\"https:\/\/cwilliams-bue.infd.edu.ar\/sitio\/wp-content\/uploads\/2025\/11\/Mesa-de-trabajo-1-copia-3.png\" alt=\"\" width=\"239\" height=\"98\" srcset=\"https:\/\/cwilliams-bue.infd.edu.ar\/sitio\/wp-content\/uploads\/2025\/11\/Mesa-de-trabajo-1-copia-3.png 900w, https:\/\/cwilliams-bue.infd.edu.ar\/sitio\/wp-content\/uploads\/2025\/11\/Mesa-de-trabajo-1-copia-3-768x315.png 768w\" sizes=\"(max-width: 239px) 100vw, 239px\" \/><\/a> <a href=\"https:\/\/drive.google.com\/file\/d\/1DCPGJ9R75xlfwihKH8Wcise7_Gh4zE2J\/view?usp=sharing\"><img decoding=\"async\" loading=\"lazy\" class=\"alignnone  wp-image-1434\" src=\"https:\/\/cwilliams-bue.infd.edu.ar\/sitio\/wp-content\/uploads\/2025\/11\/Mesa-de-trabajo-1-copia-4.png\" alt=\"\" width=\"234\" height=\"96\" srcset=\"https:\/\/cwilliams-bue.infd.edu.ar\/sitio\/wp-content\/uploads\/2025\/11\/Mesa-de-trabajo-1-copia-4.png 900w, https:\/\/cwilliams-bue.infd.edu.ar\/sitio\/wp-content\/uploads\/2025\/11\/Mesa-de-trabajo-1-copia-4-768x315.png 768w\" sizes=\"(max-width: 234px) 100vw, 234px\" \/><\/a> <a href=\"https:\/\/drive.google.com\/file\/d\/1cNVSswHEJOigGOvU6VaCJD5JVLPA5fvL\/view?usp=sharing\"><img decoding=\"async\" loading=\"lazy\" class=\"alignnone  wp-image-1435\" src=\"https:\/\/cwilliams-bue.infd.edu.ar\/sitio\/wp-content\/uploads\/2025\/11\/Mesa-de-trabajo-1-copia.png\" alt=\"\" width=\"240\" height=\"98\" srcset=\"https:\/\/cwilliams-bue.infd.edu.ar\/sitio\/wp-content\/uploads\/2025\/11\/Mesa-de-trabajo-1-copia.png 900w, https:\/\/cwilliams-bue.infd.edu.ar\/sitio\/wp-content\/uploads\/2025\/11\/Mesa-de-trabajo-1-copia-768x315.png 768w\" sizes=\"(max-width: 240px) 100vw, 240px\" \/><\/a><\/h5>\n<p>&nbsp;<\/p>\n<p>&nbsp;<\/p>\n<p>&nbsp;<\/p>\n<h5><!--more--><\/h5>\n<h1>ALGUNAS PRODUCCIONES DE NUESTRO CONSERVATORIO<\/h1>\n<p><iframe loading=\"lazy\" title=\"Edgardo Marano - Tardes de invierno (Manolo Ju\u00e1rez)\" width=\"1200\" height=\"675\" src=\"https:\/\/www.youtube.com\/embed\/r_LVOivmgVI?feature=oembed\" frameborder=\"0\" allow=\"accelerometer; autoplay; clipboard-write; encrypted-media; gyroscope; picture-in-picture; web-share\" referrerpolicy=\"strict-origin-when-cross-origin\" allowfullscreen><\/iframe><\/p>\n<p><iframe loading=\"lazy\" title=\"Canto colectivo II - 11 y 6 (Fito P\u00e1ez)\" width=\"1200\" height=\"675\" src=\"https:\/\/www.youtube.com\/embed\/TqBo8c14ZEY?feature=oembed\" frameborder=\"0\" allow=\"accelerometer; autoplay; clipboard-write; encrypted-media; gyroscope; picture-in-picture; web-share\" referrerpolicy=\"strict-origin-when-cross-origin\" allowfullscreen><\/iframe><\/p>\n<p><iframe loading=\"lazy\" title=\"D\u00fao Fida-Gal\u00e1n interpretando obras de M\u00e1ximo Diego Pujol.\" width=\"1200\" height=\"675\" src=\"https:\/\/www.youtube.com\/embed\/gaL74Im58yA?feature=oembed\" frameborder=\"0\" allow=\"accelerometer; autoplay; clipboard-write; encrypted-media; gyroscope; picture-in-picture; web-share\" referrerpolicy=\"strict-origin-when-cross-origin\" allowfullscreen><\/iframe><\/p>\n<p><iframe loading=\"lazy\" title=\"D\u00fao de percusi\u00f3n Barbieri-Ocampo (Aire de candombe para Gardel)\" width=\"1200\" height=\"675\" src=\"https:\/\/www.youtube.com\/embed\/woqdOpG6-ac?feature=oembed\" frameborder=\"0\" allow=\"accelerometer; autoplay; clipboard-write; encrypted-media; gyroscope; picture-in-picture; web-share\" referrerpolicy=\"strict-origin-when-cross-origin\" allowfullscreen><\/iframe><\/p>\n<p><iframe loading=\"lazy\" title=\"Cuarteto de Bronces - Rondeau de Jean-Joseph Mouret\" width=\"1200\" height=\"675\" src=\"https:\/\/www.youtube.com\/embed\/3vTrfYyqCSs?feature=oembed\" frameborder=\"0\" allow=\"accelerometer; autoplay; clipboard-write; encrypted-media; gyroscope; picture-in-picture; web-share\" referrerpolicy=\"strict-origin-when-cross-origin\" allowfullscreen><\/iframe><\/p>\n<p><iframe loading=\"lazy\" title=\"Denise Sant\u00eda  &quot;Vilja Lied&quot; ( Franz Leh\u00e1r)\" width=\"1200\" height=\"675\" src=\"https:\/\/www.youtube.com\/embed\/7nsaRzAeDpY?feature=oembed\" frameborder=\"0\" allow=\"accelerometer; autoplay; clipboard-write; encrypted-media; gyroscope; picture-in-picture; web-share\" referrerpolicy=\"strict-origin-when-cross-origin\" allowfullscreen><\/iframe><\/p>\n","protected":false},"excerpt":{"rendered":"<p>\u00a0 \u00a0 \u00a0 \u00a0 \u00a0 \u00a0 \u00a0 \u00a0 \u00a0 \u00a0 \u00a0 \u00a0 \u00a0 \u00a0 \u00a0 \u00a0 \u00a0 \u00a0 \u00a0 \u00a0 \u00a0 \u00a0 \u00a0 \u00a0 \u00a0 \u00a0 \u00a0 &nbsp; OFERTA \u00a0 \u00a0 \u00a0 \u00a0 \u00a0 \u00a0 \u00a0 \u00a0 \u00a0 \u00a0 \u00a0 \u00a0 \u00a0 \u00a0 \u00a0 \u00a0 \u00a0 \u00a0 \u00a0 \u00a0 \u00a0 \u00a0 \u00a0 \u00a0 \u00a0 \u00a0 &#8230; <a title=\"Inicio\" class=\"read-more\" href=\"https:\/\/cwilliams-bue.infd.edu.ar\/sitio\/\" aria-label=\"More on Inicio\">[+]<\/a><\/p>\n","protected":false},"author":1,"featured_media":0,"parent":0,"menu_order":0,"comment_status":"closed","ping_status":"closed","template":"","meta":[],"acf":[],"_links":{"self":[{"href":"https:\/\/cwilliams-bue.infd.edu.ar\/sitio\/wp-json\/wp\/v2\/pages\/286"}],"collection":[{"href":"https:\/\/cwilliams-bue.infd.edu.ar\/sitio\/wp-json\/wp\/v2\/pages"}],"about":[{"href":"https:\/\/cwilliams-bue.infd.edu.ar\/sitio\/wp-json\/wp\/v2\/types\/page"}],"author":[{"embeddable":true,"href":"https:\/\/cwilliams-bue.infd.edu.ar\/sitio\/wp-json\/wp\/v2\/users\/1"}],"replies":[{"embeddable":true,"href":"https:\/\/cwilliams-bue.infd.edu.ar\/sitio\/wp-json\/wp\/v2\/comments?post=286"}],"version-history":[{"count":444,"href":"https:\/\/cwilliams-bue.infd.edu.ar\/sitio\/wp-json\/wp\/v2\/pages\/286\/revisions"}],"predecessor-version":[{"id":1457,"href":"https:\/\/cwilliams-bue.infd.edu.ar\/sitio\/wp-json\/wp\/v2\/pages\/286\/revisions\/1457"}],"wp:attachment":[{"href":"https:\/\/cwilliams-bue.infd.edu.ar\/sitio\/wp-json\/wp\/v2\/media?parent=286"}],"curies":[{"name":"wp","href":"https:\/\/api.w.org\/{rel}","templated":true}]}}